 + 3036361, 759084 = m - t. Is m composite?
False
Suppose -19 = -39*m + 98. Let q(r) = 1115*r + 112. Is q(m) composite?
False
Let f(s) = -8*s + 14. Let x be f(11). Let c = 126 + x. Let o = 693 - c. Is o composite?
False
Suppose 39*z + 2*d = 43*z - 14, -4*z = -4*d - 20. Suppose 2134 = z*v + 116. Is v a composite number?
False
Let g = 289 - 226. Suppose -70*s + 39137 = -g*s. Is s a prime number?
True
Let c(z) = 51*z**2 - 9*z + 13. Suppose 44 = 7*o + 9. Let a be 37/7 + (-8)/140*o. Is c(a) a composite number?
True
Let h(w) = 218*w**3 - w**2 + 2*w - 1. Let r be h(1). Let a = 2441 + r. Let o = a + -1706. Is o a composite number?
False
Let z(w) = 391*w**2 + 727*w + 43. Is z(-25) a composite number?
True
Is 738357*(-8*9/(-54))/4 a composite number?
False
Let l(d) = -47563*d - 9669. Is l(-32) a prime number?
False
Let n(i) be the third derivative of i**6/120 + 7*i**5/15 - 7*i**4/8 - 101*i**3/6 + 31*i**2 - 3. Is n(-28) prime?
True
Suppose 0 = -25*q + 27*q - 2466. Suppose -4*i = -1671 - q. Suppose -2*r = 4*z - 1586, -4*r + z + 2473 = -i. Is r composite?
True
Suppose -m - 2*i - 63 = 0, -4*m + i = -6*m - 117. Let u = m - -62. Suppose -u*b + 6*b - 157 = 0. Is b a prime number?
True
Let v(d) = 3893*d**2 - 37*d + 9. Is v(7) composite?
False
Let u = -209361 - -423152. Is u a composite number?
False
Is 7661 + ((-670)/(-80) - 9/24) composite?
False
Let q(x) be the first derivative of 519*x + 1/4*x**4 + 16 + 0*x**3 - 1/2*x**2. Is q(0) prime?
False
Let i(n) = -62*n**2 + 6*n - 40. Let k be i(-18). Let o = k + 39815. Is o a prime number?
False
Let d(b) be the second derivative of b**5/20 + 13*b**4/12 + b**3/2 - b**2/2 - 5*b. Let a be d(-10). Let j = a - 48. Is j prime?
False
Let u(z) = 14 + 9*z**2 + 5*z**3 + 9*z**2 + 0*z**2 + 2*z - 1. Let o(a) = -4*a**3 - 18*a**2 - a - 13. Let c(p) = -4*o(p) - 3*u(p). Is c(-18) composite?
True
Let j = -61 - -81. Suppose 0 = -22*c + j*c + 526. Is c a prime number?
True
Let s be 32 - -2*(-1)/1. Suppose a + 198 = 7*a. Suppose -a*f = -s*f - 93. Is f a prime number?
True
Is 25602624/(-144)*2/(-4) prime?
False
Let t be ((-1)/(-3))/((-51)/(-79866)). Let r = 1883 - t. Is r a prime number?
True
Suppose -5*l + 524136 = h, 75*l + 5*h = 79*l - 419303. Is l composite?
False
Suppose 68 = -5*u + 268. Suppose -u = -10*a + 5*a. Suppose a*n - 4*n + 2*k = 228, -3*n + 5*k + 184 = 0. Is n composite?
True
Let q(l) = 1186*l**2 - 3*l + 98. Is q(9) a composite number?
False
Suppose -78971 = -11*l + 251370. Is l composite?
True
Let c(g) = g - 10. Let q(v) = -v**3 - v**2 + 3*v - 2. Let z be q(-3). Let y be c(z). Is (-5)/(-6)*y*-46 a composite number?
True
Let j(t) = -277*t - 34. Suppose -g + 108 = -13*g. Is j(g) a prime number?
True
Suppose 3621 + 3513 = 6*s. Is s a composite number?
True
Let r = 43718 + -29229. Is r composite?
False
Is (-5 + 4)*-958407*(4 - (-66)/(-18)) a prime number?
True
Let s(i) = -84*i**3 + i**2 - 22*i - 36. Is s(-7) composite?
False
Let g(p) = p**3 - 47*p**2 + 427*p + 253. Is g(76) prime?
False
Suppose 0 = 52*l - 50*l - 4. Suppose 3*u - 214 = -n + u, -l*n - 3*u = -429. Let j = 401 - n. Is j a composite number?
True
Suppose 209*g = 217*g - 72. Suppose 1012 = -g*m + 12658. Is m a prime number?
False
Let u(n) = -7*n**3 - 2*n**2 + n + 6. Let t be u(-5). Suppose -t = -r + k + 3*k, -4*r - 2*k = -3214. Suppose -3*y - r = -4169. Is y prime?
False
Suppose 109*o - 8*o - 6145951 = 0. Is o composite?
True
Let m(w) = 57534*w + 5011. Is m(4) prime?
False
Suppose -13*f = -25*f + 1683228. Is f prime?
True
Let d be 3/42*6*7. Is (-210)/(-15)*((-11866)/(-4) + d) a prime number?
False
Is (-13*1)/(505/(-8556215)) composite?
True
Suppose -83*i - 79*i = -1251215 - 14059891. Is i a prime number?
True
Let r(i) = -35806*i - 1819. Is r(-8) a composite number?
True
Let a = -53081 - -143830. Is a a composite number?
False
Let c = 910 - -2224. Is c a composite number?
True
Suppose y - 130 = 665. Suppose -y - 1842 = -g. Suppose 8*j - g = -j. Is j prime?
True
Suppose -3*a + 8517 = -3*h, 0*a + 5699 = 2*a + 5*h. Let j = a + -23. Is j a composite number?
False
Suppose -3512508 = -80*s + 350932. Is s a composite number?
True
Let q(t) = -2*t - 43. Let y be q(-23). Suppose -y*s + 5138 + 1021 = 0. Is s a composite number?
False
Suppose -3*g + 20080 = -c, 2*g - 5*c - 13390 = -6*c. Suppose 3*m + a - 3448 = 1569, 4*m - a - g = 0. Is m composite?
True
Suppose 0 = 2*x + 31 + 179. Let g be 12/(-9)*x/14. Suppose g*s - 930 = 4*s. Is s a composite number?
True
Let r = -14089 + 18078. Is r composite?
False
Suppose 3*r - 941405 = 130186. Is r composite?
False
Suppose 26*p + 6*p = -3*p + 3365845. Is p prime?
True
Let h = 7014 + 2939. Is h prime?
False
Let b = 75137 - 34894. Is b a composite number?
True
Let j(v) = -v**2 + 21*v - 29. Let x be j(15). Suppose -19*m + 72 = -x. Suppose -m*p + 1919 = 64. Is p a prime number?
False
Suppose 4*h = 24, -84*h + 88*h = y - 101795. Is y a composite number?
True
Let h(l) = -112*l**3 + 2*l**2 - 9*l - 35. Let w be 1/((-4)/(-14) - 270/504). Is h(w) prime?
False
Suppose v - 8 = -v. Suppose 0 = -2*p + 3*b + 5157 + 870, -4*p = -v*b - 12060. Suppose -3*w + 3*k = -p, -w - 74 = -2*k - 1077. Is w prime?
True
Let t = -497 + 497. Suppose t*k = -k + 18269. Is k a composite number?
False
Suppose -5*l + 7 = 2*y, y = -2*l - 0*l + 3. Is 111170/20 - (15/6 - y) a prime number?
True
Is 184/4140 - ((-25680596)/90 + -3) a prime number?
True
Let t(z) = z**3 + 16*z**2 + 49*z + 1. Let h be t(-12). Let s(d) = 84*d**2 + 15*d + 32. Is s(h) a composite number?
True
Let c(z) = 3*z**3 - 7*z**2 - 7*z + 2. Let t be c(3). Is (t/3)/(-3*7/297423) a prime number?
True
Let i be ((-13)/(13/6))/((-12)/373976). Suppose 10*d - i = -44438. Is d a prime number?
False
Is 94349 - (-21 - 84/(-12)) composite?
True
Is ((-8)/4)/(-7 - 4201317/(-600189)) prime?
True
Let f(v) = 2*v**3 + 2*v**2 - v + 24869. Let y be 83/249*0*(0 - 1). Is f(y) a prime number?
False
Let w be (-3)/((2 + 1)/(-627)). Suppose -5*b = 5*t - 9405, -7215 - 312 = -4*t - 5*b. Suppose 4979 = 3*p + 4*d - w, d = p - t. Is p composite?
True
Let s = 7 + -7. Suppose s = 2*t - 7 - 13. Suppose -6*p + t*p = 5260. Is p a composite number?
True
Let l = -30878 - -7301. Let i = -16328 - l. Is i prime?
False
Let m be (-5)/1*40/(-100) + -2. Suppose 3*u - 4*j - 1081 = 0, m = -5*u + 8*u + 4*j - 1049. Is u prime?
False
Suppose 11*y = -4*y + 135. Is (5 + 2/(-1))*8481/y prime?
False
Suppose -p - 4 = -2*y, -5 + 13 = -2*p. Is 4208 - (1 - y)/(9 - 8) prime?
False
Suppose -949*x = -942*x - 77. Suppose 0 = -x*t + 19*t - 9736. Is t a composite number?
False
Suppose 0 = 3*q + 2*q + 5*f + 15, -3 = q + 4*f. Let y be 2/q + 287/21. Suppose -20391 + 4648 = -y*m. Is m prime?
False
Let z(u) = 18*u**3 + 5*u**2 - 12*u + 9. Let q = 218 - 214. Is z(q) prime?
True
Let g(n) be the third derivative of -1/4*n**4 + 0 + 7/60*n**5 + 12*n**2 + 0*n - 3/2*n**3. Is g(-4) a composite number?
False
Suppose 0 = 101*x + 101*x - 11942561 - 11913437. Is x a prime number?
False
Let j be (-1 - -5) + (-3 - -1) + 2. Suppose 2*o - 1360 = 2*s, 0 = -7*s + j*s. Let n = o - 261. Is n prime?
True
Suppose -20*j + 7714940 + 407240 = 0. Is j a composite number?
True
Suppose 20*r + 298632 = 79932. Let c = -6544 - r. Is c a composite number?
False
Suppose 10003235 - 1676742 = 59*u. Suppose 0 = 378*h - 371*h - u. Is h a prime number?
True
Let d = 491 - 484. Is -5 + (1*(4 - d) - -8039) prime?
False
Suppose 19*t + 105945516 = 239*t + 5576456. Is t a composite number?
False
Suppose -4*t = q - 18304, -7*q + 12 = -4*q. Let u = -2308 + t. Is u a composite number?
False
Suppose 43*q = 16*q + 2107890 + 1870911. Is q composite?
True
Let w(x) = -42*x**3 + 30*x**2 - 35*x - 91. Is w(-24) composite?
True
Suppose -5*u + 3*x = -112109, 0 = -5*x - 100 + 110. Is u a prime number?
False
Let c(x) = 2*x**3 - 74*x**2 - 145. Is c(55) a composite number?
True
Suppose -58*l = -37*l - 168*l + 70663929. Is l prime?
True
Let z be 3/(-21) + 87/21. Suppose 6929 = z*r + 9*r. Suppose j = 3*n + 553, j = 3*n - 5*n + r. Is j prime?
True
Suppose -85*t + 81*t - 14620 = 0. Let z = t + 10374. Is z a prime number?
True
Let i(j) = 232*j**2 - 8*j - 53. Is i(-4) composite?
False
Suppose -4 = -7*o + 17. Suppose 0 = o*w - 2*h + 16 + 9, 0 = 3*w + 5*h - 10. Is ((-2)/w + 22512/20)*1 a composite number?
True
Suppose -5*x + 761158 = 3*a, 380967 